{"id":3826,"date":"2021-12-09T21:40:32","date_gmt":"2021-12-09T20:40:32","guid":{"rendered":"http:\/\/dudweiler-dcc.de\/?page_id=3826"},"modified":"2025-01-03T09:13:54","modified_gmt":"2025-01-03T08:13:54","slug":"junggarde","status":"publish","type":"page","link":"http:\/\/dudweiler-dcc.de\/?page_id=3826","title":{"rendered":"Junggarde"},"content":{"rendered":"<p>[vc_row full_width_row=&#8220;true&#8220;][vc_column][vc_single_image image=&#8220;4174&#8243; img_size=&#8220;full&#8220;][\/vc_column][\/vc_row][vc_row][vc_column][vc_empty_space height=&#8220;64px&#8220;][\/vc_column][\/vc_row][vc_row][vc_column width=&#8220;5\/12&#8243;][vc_custom_heading text=&#8220;Junggarde&#8220; font_container=&#8220;tag:h2|text_align:left|color:%23910000&#8243; google_fonts=&#8220;font_family:Cabin%3Aregular%2Citalic%2C500%2C500italic%2C600%2C600italic%2C700%2C700italic|font_style:400%20regular%3A400%3Anormal&#8220;][\/vc_column][vc_column width=&#8220;1\/6&#8243;][vc_empty_space][\/vc_column][vc_column width=&#8220;5\/12&#8243;][vc_custom_heading text=&#8220;Trainingszeiten&#8220; font_container=&#8220;tag:h2|text_align:left|color:%23910000&#8243; google_fonts=&#8220;font_family:Cabin%3Aregular%2Citalic%2C500%2C500italic%2C600%2C600italic%2C700%2C700italic|font_style:400%20regular%3A400%3Anormal&#8220;][\/vc_column][\/vc_row][vc_row][vc_column width=&#8220;5\/12&#8243;][vc_separator][vc_column_text]<\/p>\n<p style=\"text-align: justify;\">Wir sind die Junggarde des DCCs. Bestehend aus T\u00e4nzerinnen und T\u00e4nzern im Alter zwischen 10 und 15 Jahren. Gemeinsam stellen wir jedes Jahr einen neuen Show- und Gardetanz auf die Beine. Jeden Donnerstag trainieren wir von 16:30 bis 18:00 Uhr im Clubheim. Aber nicht nur das zeichnet uns als Gruppe und Team aus, sondern auch die regelm\u00e4\u00dfigen Freizeitaktivit\u00e4ten, so wie zum Beispiel: Ausflug ins Flip oder \u00dcbernachtungen mit Nachtwanderungen.<\/p>\n<p>[\/vc_column_text][\/vc_column][vc_column width=&#8220;1\/6&#8243;][vc_empty_space][\/vc_column][vc_column width=&#8220;5\/12&#8243;][vc_separator][vc_column_text]<\/p>\n<p style=\"text-align: justify;\">Donnerstags von 16:30 &#8211; 18:00 Uhr<br \/>\nOrt: Clubheim DCC (In der Wagenl\u00fcck 50, 66125 Dudweiler)<\/p>\n<p>[\/vc_column_text][\/vc_column][\/vc_row][vc_row][vc_column][vc_empty_space height=&#8220;64px&#8220;][\/vc_column][\/vc_row][vc_row][vc_column][vc_custom_heading text=&#8220;Trainer- und Betreuerteam&#8220; font_container=&#8220;tag:h2|text_align:left|color:%23910000&#8243; google_fonts=&#8220;font_family:Cabin%3Aregular%2Citalic%2C500%2C500italic%2C600%2C600italic%2C700%2C700italic|font_style:400%20regular%3A400%3Anormal&#8220;][\/vc_column][\/vc_row][vc_row][vc_column][vc_separator][\/vc_column][\/vc_row][vc_row][vc_column width=&#8220;1\/6&#8243;][vc_single_image image=&#8220;3821&#8243;][\/vc_column][vc_column width=&#8220;1\/2&#8243;][vc_custom_heading text=&#8220;Trainerin Carmen Kurth-Nagel&#8220; font_container=&#8220;tag:h2|font_size:20|text_align:left|color:%23910000&#8243; google_fonts=&#8220;font_family:Cabin%3Aregular%2Citalic%2C500%2C500italic%2C600%2C600italic%2C700%2C700italic|font_style:400%20regular%3A400%3Anormal&#8220;][\/vc_column][vc_column][vc_empty_space][\/vc_column][\/vc_row][vc_row][vc_column width=&#8220;1\/6&#8243;][vc_single_image image=&#8220;3836&#8243;][\/vc_column][vc_column width=&#8220;1\/2&#8243;][vc_custom_heading text=&#8220;Trainerin Sabrina Werner&#8220; font_container=&#8220;tag:h2|font_size:20|text_align:left|color:%23910000&#8243; google_fonts=&#8220;font_family:Cabin%3Aregular%2Citalic%2C500%2C500italic%2C600%2C600italic%2C700%2C700italic|font_style:400%20regular%3A400%3Anormal&#8220;][\/vc_column][\/vc_row][vc_row][vc_column][vc_empty_space][\/vc_column][\/vc_row]<\/p>\n","protected":false},"excerpt":{"rendered":"<p>[vc_row full_width_row=&#8220;true&#8220;][vc_column][vc_single_image image=&#8220;4174&#8243; img_size=&#8220;full&#8220;][\/vc_column][\/vc_row][vc_row][vc_column][vc_empty_space height=&#8220;64px&#8220;][\/vc_column][\/vc_row][vc_row][vc_column width=&#8220;5\/12&#8243;][vc_custom_heading text=&#8220;Junggarde&#8220; font_container=&#8220;tag:h2|text_align:left|color:%23910000&#8243; google_fonts=&#8220;font_family:Cabin%3Aregular%2Citalic%2C500%2C500italic%2C600%2C600italic%2C700%2C700italic|font_style:400%20regular%3A400%3Anormal&#8220;][\/vc_column][vc_column width=&#8220;1\/6&#8243;][vc_empty_space][\/vc_column][vc_column width=&#8220;5\/12&#8243;][vc_custom_heading text=&#8220;Trainingszeiten&#8220; font_container=&#8220;tag:h2|text_align:left|color:%23910000&#8243; google_fonts=&#8220;font_family:Cabin%3Aregular%2Citalic%2C500%2C500italic%2C600%2C600italic%2C700%2C700italic|font_style:400%20regular%3A400%3Anormal&#8220;][\/vc_column][\/vc_row][vc_row][vc_column width=&#8220;5\/12&#8243;][vc_separator][vc_column_text] Wir sind die Junggarde des DCCs. Bestehend aus T\u00e4nzerinnen und T\u00e4nzern im Alter zwischen 10&hellip;<\/p>\n","protected":false},"author":1,"featured_media":0,"parent":3763,"menu_order":243,"comment_status":"closed","ping_status":"closed","template":"","meta":{"_mc_calendar":[],"footnotes":""},"class_list":["post-3826","page","type-page","status-publish","hentry","description-off"],"_links":{"self":[{"href":"http:\/\/dudweiler-dcc.de\/index.php?rest_route=\/wp\/v2\/pages\/3826","targetHints":{"allow":["GET"]}}],"collection":[{"href":"http:\/\/dudweiler-dcc.de\/index.php?rest_route=\/wp\/v2\/pages"}],"about":[{"href":"http:\/\/dudweiler-dcc.de\/index.php?rest_route=\/wp\/v2\/types\/page"}],"author":[{"embeddable":true,"href":"http:\/\/dudweiler-dcc.de\/index.php?rest_route=\/wp\/v2\/users\/1"}],"replies":[{"embeddable":true,"href":"http:\/\/dudweiler-dcc.de\/index.php?rest_route=%2Fwp%2Fv2%2Fcomments&post=3826"}],"version-history":[{"count":15,"href":"http:\/\/dudweiler-dcc.de\/index.php?rest_route=\/wp\/v2\/pages\/3826\/revisions"}],"predecessor-version":[{"id":4175,"href":"http:\/\/dudweiler-dcc.de\/index.php?rest_route=\/wp\/v2\/pages\/3826\/revisions\/4175"}],"up":[{"embeddable":true,"href":"http:\/\/dudweiler-dcc.de\/index.php?rest_route=\/wp\/v2\/pages\/3763"}],"wp:attachment":[{"href":"http:\/\/dudweiler-dcc.de\/index.php?rest_route=%2Fwp%2Fv2%2Fmedia&parent=3826"}],"curies":[{"name":"wp","href":"https:\/\/api.w.org\/{rel}","templated":true}]}}

<p>[vc_row full_width_row=&#8220;true&#8220;][vc_column][vc_single_image image=&#8220;4174&#8243; img_size=&#8220;full&#8220;][/vc_column][/vc_row][vc_row][vc_column][vc_empty_space height=&#8220;64px&#8220;][/vc_column][/vc_row][vc_row][vc_column width=&#8220;5/12&#8243;][vc_custom_heading text=&#8220;Junggarde&#8220; font_container=&#8220;tag:h2|text_align:left|color:%23910000&#8243; google_fonts=&#8220;font_family:Cabin%3Aregular%2Citalic%2C500%2C500italic%2C600%2C600italic%2C700%2C700italic|font_style:400%20regular%3A400%3Anormal&#8220;][/vc_column][vc_column width=&#8220;1/6&#8243;][vc_empty_space][/vc_column][vc_column width=&#8220;5/12&#8243;][vc_custom_heading text=&#8220;Trainingszeiten&#8220; font_container=&#8220;tag:h2|text_align:left|color:%23910000&#8243; google_fonts=&#8220;font_family:Cabin%3Aregular%2Citalic%2C500%2C500italic%2C600%2C600italic%2C700%2C700italic|font_style:400%20regular%3A400%3Anormal&#8220;][/vc_column][/vc_row][vc_row][vc_column width=&#8220;5/12&#8243;][vc_separator][vc_column_text]</p>
<p style="text-align: justify;">Wir sind die Junggarde des DCCs. Bestehend aus Tänzerinnen und Tänzern im Alter zwischen 10 und 15 Jahren. Gemeinsam stellen wir jedes Jahr einen neuen Show- und Gardetanz auf die Beine. Jeden Donnerstag trainieren wir von 16:30 bis 18:00 Uhr im Clubheim. Aber nicht nur das zeichnet uns als Gruppe und Team aus, sondern auch die regelmäßigen Freizeitaktivitäten, so wie zum Beispiel: Ausflug ins Flip oder Übernachtungen mit Nachtwanderungen.</p>
<p>[/vc_column_text][/vc_column][vc_column width=&#8220;1/6&#8243;][vc_empty_space][/vc_column][vc_column width=&#8220;5/12&#8243;][vc_separator][vc_column_text]</p>
<p style="text-align: justify;">Donnerstags von 16:30 &#8211; 18:00 Uhr<br />
Ort: Clubheim DCC (In der Wagenlück 50, 66125 Dudweiler)</p>
<p>[/vc_column_text][/vc_column][/vc_row][vc_row][vc_column][vc_empty_space height=&#8220;64px&#8220;][/vc_column][/vc_row][vc_row][vc_column][vc_custom_heading text=&#8220;Trainer- und Betreuerteam&#8220; font_container=&#8220;tag:h2|text_align:left|color:%23910000&#8243; google_fonts=&#8220;font_family:Cabin%3Aregular%2Citalic%2C500%2C500italic%2C600%2C600italic%2C700%2C700italic|font_style:400%20regular%3A400%3Anormal&#8220;][/vc_column][/vc_row][vc_row][vc_column][vc_separator][/vc_column][/vc_row][vc_row][vc_column width=&#8220;1/6&#8243;][vc_single_image image=&#8220;3821&#8243;][/vc_column][vc_column width=&#8220;1/2&#8243;][vc_custom_heading text=&#8220;Trainerin Carmen Kurth-Nagel&#8220; font_container=&#8220;tag:h2|font_size:20|text_align:left|color:%23910000&#8243; google_fonts=&#8220;font_family:Cabin%3Aregular%2Citalic%2C500%2C500italic%2C600%2C600italic%2C700%2C700italic|font_style:400%20regular%3A400%3Anormal&#8220;][/vc_column][vc_column][vc_empty_space][/vc_column][/vc_row][vc_row][vc_column width=&#8220;1/6&#8243;][vc_single_image image=&#8220;3836&#8243;][/vc_column][vc_column width=&#8220;1/2&#8243;][vc_custom_heading text=&#8220;Trainerin Sabrina Werner&#8220; font_container=&#8220;tag:h2|font_size:20|text_align:left|color:%23910000&#8243; google_fonts=&#8220;font_family:Cabin%3Aregular%2Citalic%2C500%2C500italic%2C600%2C600italic%2C700%2C700italic|font_style:400%20regular%3A400%3Anormal&#8220;][/vc_column][/vc_row][vc_row][vc_column][vc_empty_space][/vc_column][/vc_row]</p>

<p>[vc_row full_width_row=&#8220;true&#8220;][vc_column][vc_single_image image=&#8220;4174&#8243; img_size=&#8220;full&#8220;][/vc_column][/vc_row][vc_row][vc_column][vc_empty_space height=&#8220;64px&#8220;][/vc_column][/vc_row][vc_row][vc_column width=&#8220;5/12&#8243;][vc_custom_heading text=&#8220;Junggarde&#8220; font_container=&#8220;tag:h2|text_align:left|color:%23910000&#8243; google_fonts=&#8220;font_family:Cabin%3Aregular%2Citalic%2C500%2C500italic%2C600%2C600italic%2C700%2C700italic|font_style:400%20regular%3A400%3Anormal&#8220;][/vc_column][vc_column width=&#8220;1/6&#8243;][vc_empty_space][/vc_column][vc_column width=&#8220;5/12&#8243;][vc_custom_heading text=&#8220;Trainingszeiten&#8220; font_container=&#8220;tag:h2|text_align:left|color:%23910000&#8243; google_fonts=&#8220;font_family:Cabin%3Aregular%2Citalic%2C500%2C500italic%2C600%2C600italic%2C700%2C700italic|font_style:400%20regular%3A400%3Anormal&#8220;][/vc_column][/vc_row][vc_row][vc_column width=&#8220;5/12&#8243;][vc_separator][vc_column_text] Wir sind die Junggarde des DCCs. Bestehend aus Tänzerinnen und Tänzern im Alter zwischen 10&hellip;</p>
