{"id":592,"date":"2014-03-18T09:49:29","date_gmt":"2014-03-18T08:49:29","guid":{"rendered":"http:\/\/the7.dream-demo.com\/business\/?page_id=2"},"modified":"2024-03-22T22:08:53","modified_gmt":"2024-03-22T21:08:53","slug":"startseite","status":"publish","type":"page","link":"http:\/\/dudweiler-dcc.de\/","title":{"rendered":"Home"},"content":{"rendered":"<p>[vc_row type=&#8220;vc_default&#8220; full_width=&#8220;stretch_row_content_no_spaces&#8220; bg_type=&#8220;image&#8220; parallax_style=&#8220;vcpb-default&#8220; bg_image_new=&#8220;id^2459|url^http:\/\/dudweiler-dcc.de\/wp-content\/uploads\/2021\/11\/Hintergrund1.jpg|caption^null|alt^null|title^Hintergrund1|description^null&#8220; bg_override=&#8220;ex-full&#8220; el_class=&#8220;text-centered&#8220; css=&#8220;.vc_custom_1636667910704{padding-top: 70px !important;padding-bottom: 75px !important;}&#8220;][vc_column css=&#8220;.vc_custom_1639088936670{padding-bottom: 45px !important;}&#8220; offset=&#8220;vc_col-lg-offset-2 vc_col-lg-8 vc_col-md-offset-2 vc_col-md-8 vc_col-sm-offset-2 vc_col-xs-12&#8243;]<div id=\"ultimate-heading-47116a080e9f4f2ab\" class=\"uvc-heading ult-adjust-bottom-margin ultimate-heading-47116a080e9f4f2ab uvc-6560 accent-border-color\" data-hspacer=\"line_only\"  data-halign=\"center\" style=\"text-align:center\"><div class=\"uvc-main-heading ult-responsive\"  data-ultimate-target='.uvc-heading.ultimate-heading-47116a080e9f4f2ab h2'  data-responsive-json-new='{\"font-size\":\"desktop:40px;\",\"line-height\":\"desktop:50px;\"}' ><h2 style=\"--font-weight:theme;margin-bottom:15px;\">Willkommen beim Dudweiler Carneval Club e. V.<\/h2><\/div><div class=\"uvc-heading-spacer line_only\" style=\"margin-bottom:40px;height:4px;\"><span class=\"uvc-headings-line\" style=\"border-style:solid;border-bottom-width:4px;border-color:#ccc;width:120px;\"><\/span><\/div><\/div>[vc_column_text css=&#8220;.vc_custom_1636668202286{padding-right: 20px !important;padding-left: 20px !important;}&#8220;]<\/p>\n<p style=\"font-style: inherit; font-weight: inherit; text-align: center;\">Ich darf Sie im Namen des Dudweiler Carneval Club auf das Herzlichste begr\u00fc\u00dfen und m\u00f6chte Sie mit unserem Internetauftritt in die karnevalistische Zeit entf\u00fchren. Ein spannendes Jahr liegt hinter uns, Corona und Lock down begleiten uns fast t\u00e4glich. F\u00fcr einen Verein wie unseren ist die Situation nicht einfach, den Akteuren fehlen die Trainings und die T\u00e4nze, uns allen die sozialen Kontakte und der Bev\u00f6lkerung die Veranstaltungen. Doch unser Motto lautet: Kopf hoch und weiter machen. Auch in dieser Zeit sind schon noch einige Sachen m\u00f6glich, wie zum Beispiel Home Training, Online Trainings oder gar kleine Videos, die die Zeit ein bisschen angenehmer machen.<\/p>\n<p style=\"font-style: inherit; font-weight: inherit; text-align: center;\">Als Vereins F\u00fchrung m\u00f6chte ich einmal erw\u00e4hnen das ich stolz darauf bin wie wir die Pandemie meistern.<\/p>\n<p style=\"font-style: inherit; font-weight: inherit; text-align: center;\"><img loading=\"lazy\" decoding=\"async\" class=\" wp-image-2344 aligncenter\" src=\"http:\/\/dudweiler-dcc.de\/wp-content\/uploads\/2021\/11\/Franz-Kurth-IMG_85221-300x300.png\" alt=\"\" width=\"231\" height=\"231\" srcset=\"http:\/\/dudweiler-dcc.de\/wp-content\/uploads\/2021\/11\/Franz-Kurth-IMG_85221-300x300.png 300w, http:\/\/dudweiler-dcc.de\/wp-content\/uploads\/2021\/11\/Franz-Kurth-IMG_85221-150x150.png 150w, http:\/\/dudweiler-dcc.de\/wp-content\/uploads\/2021\/11\/Franz-Kurth-IMG_85221-768x768.png 768w, http:\/\/dudweiler-dcc.de\/wp-content\/uploads\/2021\/11\/Franz-Kurth-IMG_85221.png 900w\" sizes=\"auto, (max-width: 231px) 100vw, 231px\" \/>Pr\u00e4sident Franz Kurth<\/p>\n<p>&nbsp;<\/p>\n<p style=\"text-align: center;\">Jeder einzelne ob gro\u00df oder klein versucht den Verein ein bisschen zu unterst\u00fctzen, was nicht selbstverst\u00e4ndlich ist.<\/p>\n<p style=\"text-align: center;\">Wenn wir uns alle an die Regeln halten, Abstand einhalten und immer die Maske tragen werden wir die Pandemie besiegen. Ich bin sicher dass wir das schaffen und schon in der n\u00e4chsten Session 2021-2022 wieder gemeinsam auf der B\u00fchne stehen werden und unseren Beitrag f\u00fcr Dudweiler leisten.<\/p>\n<p style=\"text-align: center;\">Wir freuen uns schon riesig auf die n\u00e4chste Session und laden Sie herzlich ein Gast bei uns zu sein. Vertreiben Sie sich die Zeit bis dahin und informieren Sie sich \u00fcber den Dudweiler Carneval Club auf unserer Webseite.<\/p>\n<p>[\/vc_column_text][\/vc_column][\/vc_row]<\/p>\n","protected":false},"excerpt":{"rendered":"<p>[vc_row type=&#8220;vc_default&#8220; full_width=&#8220;stretch_row_content_no_spaces&#8220; bg_type=&#8220;image&#8220; parallax_style=&#8220;vcpb-default&#8220; bg_image_new=&#8220;id^2459|url^http:\/\/dudweiler-dcc.de\/wp-content\/uploads\/2021\/11\/Hintergrund1.jpg|caption^null|alt^null|title^Hintergrund1|description^null&#8220; bg_override=&#8220;ex-full&#8220; el_class=&#8220;text-centered&#8220; css=&#8220;.vc_custom_1636667910704{padding-top: 70px !important;padding-bottom: 75px !important;}&#8220;][vc_column css=&#8220;.vc_custom_1639088936670{padding-bottom: 45px !important;}&#8220; offset=&#8220;vc_col-lg-offset-2 vc_col-lg-8 vc_col-md-offset-2 vc_col-md-8 vc_col-sm-offset-2 vc_col-xs-12&#8243;][vc_column_text css=&#8220;.vc_custom_1636668202286{padding-right: 20px !important;padding-left: 20px !important;}&#8220;] Ich darf Sie&hellip;<\/p>\n","protected":false},"author":1,"featured_media":0,"parent":0,"menu_order":0,"comment_status":"closed","ping_status":"closed","template":"","meta":{"_mc_calendar":[],"footnotes":""},"class_list":["post-592","page","type-page","status-publish","hentry","description-off"],"_links":{"self":[{"href":"http:\/\/dudweiler-dcc.de\/index.php?rest_route=\/wp\/v2\/pages\/592","targetHints":{"allow":["GET"]}}],"collection":[{"href":"http:\/\/dudweiler-dcc.de\/index.php?rest_route=\/wp\/v2\/pages"}],"about":[{"href":"http:\/\/dudweiler-dcc.de\/index.php?rest_route=\/wp\/v2\/types\/page"}],"author":[{"embeddable":true,"href":"http:\/\/dudweiler-dcc.de\/index.php?rest_route=\/wp\/v2\/users\/1"}],"replies":[{"embeddable":true,"href":"http:\/\/dudweiler-dcc.de\/index.php?rest_route=%2Fwp%2Fv2%2Fcomments&post=592"}],"version-history":[{"count":12,"href":"http:\/\/dudweiler-dcc.de\/index.php?rest_route=\/wp\/v2\/pages\/592\/revisions"}],"predecessor-version":[{"id":4157,"href":"http:\/\/dudweiler-dcc.de\/index.php?rest_route=\/wp\/v2\/pages\/592\/revisions\/4157"}],"wp:attachment":[{"href":"http:\/\/dudweiler-dcc.de\/index.php?rest_route=%2Fwp%2Fv2%2Fmedia&parent=592"}],"curies":[{"name":"wp","href":"https:\/\/api.w.org\/{rel}","templated":true}]}}